{"version":"1.0","provider_name":"APTITUDE INFORMATIQUE","provider_url":"https:\/\/www.aptitude-informatique.fr","author_name":"yann Le Goc","author_url":"https:\/\/www.aptitude-informatique.fr\/index.php\/author\/yann\/","title":"Initiation Adobe Indesign - APTITUDE INFORMATIQUE","type":"rich","width":600,"height":338,"html":"<blockquote class=\"wp-embedded-content\" data-secret=\"05G689AWcw\"><a href=\"https:\/\/www.aptitude-informatique.fr\/index.php\/formations\/nos-formations\/initiation-adobe-indesign\/\">Initiation Adobe Indesign<\/a><\/blockquote><iframe sandbox=\"allow-scripts\" security=\"restricted\" src=\"https:\/\/www.aptitude-informatique.fr\/index.php\/formations\/nos-formations\/initiation-adobe-indesign\/embed\/#?secret=05G689AWcw\" width=\"600\" height=\"338\" title=\"\u00ab\u00a0Initiation Adobe Indesign\u00a0\u00bb &#8212; APTITUDE INFORMATIQUE\" data-secret=\"05G689AWcw\" frameborder=\"0\" marginwidth=\"0\" marginheight=\"0\" scrolling=\"no\" class=\"wp-embedded-content\"><\/iframe><script type=\"text\/javascript\">\n\/* <![CDATA[ *\/\n\/*! This file is auto-generated *\/\n!function(d,l){\"use strict\";l.querySelector&&d.addEventListener&&\"undefined\"!=typeof URL&&(d.wp=d.wp||{},d.wp.receiveEmbedMessage||(d.wp.receiveEmbedMessage=function(e){var t=e.data;if((t||t.secret||t.message||t.value)&&!\/[^a-zA-Z0-9]\/.test(t.secret)){for(var s,r,n,a=l.querySelectorAll('iframe[data-secret=\"'+t.secret+'\"]'),o=l.querySelectorAll('blockquote[data-secret=\"'+t.secret+'\"]'),c=new RegExp(\"^https?:$\",\"i\"),i=0;i<o.length;i++)o[i].style.display=\"none\";for(i=0;i<a.length;i++)s=a[i],e.source===s.contentWindow&&(s.removeAttribute(\"style\"),\"height\"===t.message?(1e3<(r=parseInt(t.value,10))?r=1e3:~~r<200&&(r=200),s.height=r):\"link\"===t.message&&(r=new URL(s.getAttribute(\"src\")),n=new URL(t.value),c.test(n.protocol))&&n.host===r.host&&l.activeElement===s&&(d.top.location.href=t.value))}},d.addEventListener(\"message\",d.wp.receiveEmbedMessage,!1),l.addEventListener(\"DOMContentLoaded\",function(){for(var e,t,s=l.querySelectorAll(\"iframe.wp-embedded-content\"),r=0;r<s.length;r++)(t=(e=s[r]).getAttribute(\"data-secret\"))||(t=Math.random().toString(36).substring(2,12),e.src+=\"#?secret=\"+t,e.setAttribute(\"data-secret\",t)),e.contentWindow.postMessage({message:\"ready\",secret:t},\"*\")},!1)))}(window,document);\n\/* ]]> *\/\n<\/script>\n","description":"Telecharger le PDF Tarifs Intra \u00e0 partir de 1400 \u20ac Public cibl\u00e9 Tout public Niveau requis Connaissances environnement Windows, et traitement de texte Objectifs formation Apprendre \u00e0 cr\u00e9er un magazine de plusieurs pages Moyens p\u00e9dagogiques \u2022 Grilles d\u2018\u00e9valuation de niveau. \u2022 Formateurs avec une exp\u00e9riences professionnelles et des comp\u00e9tences p\u00e9dagogiques \u2022 6 personnes maximum \/+ Read More"}

Telecharger le PDF Tarifs Intra à partir de 1400 € Public ciblé Tout public Niveau requis Connaissances environnement Windows, et traitement de texte Objectifs formation Apprendre à créer un magazine de plusieurs pages Moyens pédagogiques • Grilles d‘évaluation de niveau. • Formateurs avec une expériences professionnelles et des compétences pédagogiques • 6 personnes maximum /+ Read More
