{"id":649,"date":"2021-09-13T14:23:10","date_gmt":"2021-09-13T13:23:10","guid":{"rendered":"https:\/\/www.aptitude-informatique.fr\/?page_id=649"},"modified":"2021-09-22T14:02:31","modified_gmt":"2021-09-22T13:02:31","slug":"excel-macros","status":"publish","type":"page","link":"https:\/\/www.aptitude-informatique.fr\/index.php\/formations\/nos-formations\/excel-macros\/","title":{"rendered":"EXCEL Macros"},"content":{"rendered":"<div class=\"colonnes\">\n<div class=\"clearfix\">\n<div class=\"colgauche\">\n<p class=\"boutons\"><a href=\"https:\/\/www.aptitude-informatique.fr\/wp-content\/uploads\/plansite\/Macro-Excel.pdf\" target=\"_blank\" class=\"Team\" rel=\"noopener noreferrer\">Telecharger le PDF<\/a><\/p>\n<p><\/p>\n<div class=\"blg\">\n<h4>Tarifs<\/h4>\n<p>Intra \u00e0 partir de 1400 \u20ac<\/p>\n<\/p><\/div>\n<div class=\"blg\">\n<h4>Public cibl\u00e9<\/h4>\n<p>Utilisateur Excel souhaitant cr\u00e9er des Macro<\/p>\n<\/p><\/div>\n<div class=\"blg\">\n<h4>Niveau requis<\/h4>\n<p>De bonnes connaissances Excel<\/p>\n<\/p><\/div>\n<div class=\"blg\">\n<h4>Objectifs formation<\/h4>\n<p>\u00catre capable de cr\u00e9er une application simple avec macros commandes et VBA \u00e0 partir des fonctionnalit\u00e9s d&rsquo;Excel.<\/p>\n<\/p><\/div>\n<div class=\"blg\">\n<h4>Moyens p\u00e9dagogiques<\/h4>\n<p>\u2022 Grilles d\u2018\u00e9valuation de niveau.<br \/>\n\t\t\u2022 Formateurs avec une exp\u00e9riences professionnelles et des comp\u00e9tences p\u00e9dagogiques<br \/>\n\t\t\u2022 6 personnes maximum \/ stage<br \/>\n\t\t\u2022 1 ordinateur par personne<br \/>\n\t\t\u2022 Chaque notion est expliqu\u00e9e au tableau et suivie imm\u00e9diatement d\u2019un exercice pratique.<br \/>\n\t\t\u2022 Les exercices \u00e9voluent en difficult\u00e9 au fur et \u00e0 mesure du stage.<br \/>\n\t\t\u2022 Un support de cours sera remis \u00e0 chaque participant en fin de formation.<br \/>\n\t\t\u2022 Assistance t\u00e9l\u00e9phonique gratuite.<\/p>\n<\/p><\/div>\n<div class=\"blg\">\n<h4>Dur\u00e9e de la formation<\/h4>\n<p>De 21h \u00e0 35 heures<\/p>\n<\/p><\/div>\n<div class=\"blg\">\n<h4>Contact<\/h4>\n<h3>APTITUDE INFORMATIQUE<\/h3>\n<p>22 rue du Bignon &#8211; 35000 &#8211; RENNES<\/p>\n<p>02 99 26 31 57<\/p>\n<p>contact@aptitude-informatique.fr<\/p>\n<\/p><\/div>\n<div class=\"blg\">\n<h4>D\u00e9lai d\u2019acceptation<\/h4>\n<p>Mise en place de vos cours d\u00e8s acceptation du financement.<\/p>\n<\/p><\/div>\n<div class=\"blg\">\n<h4>Accessibilit\u00e9 Handicap\u00e9<\/h4>\n<p>Conditions d\u2019accueil et d\u2019acc\u00e8s au public en situation d\u2019 handicap en fonction du lieu d&rsquo;accueil du client.<\/p>\n<\/p><\/div>\n<\/p><\/div>\n<div class=\"coldroite\">\n<h4>Les macros de fonctions<\/h4>\n<p>Le concept<br \/>\n\tOuvrir une feuille macro<br \/>\n\tAnalyse de la fonction<br \/>\n\tD\u00e9finition des variables et des constantes<br \/>\n\tLes param\u00e8tres<br \/>\n\tLe langage de base<br \/>\n\tRetourner une valeur au tableau<br \/>\n\tNommer et utiliser la fonction<\/p>\n<h4>Les macros enregistr\u00e9es<\/h4>\n<p>Le menu macro<br \/>\n\tAnalyse de la macro \u00e0 enregistrer<br \/>\n\tEnregistrement relatif ou absolu<br \/>\n\tNommer la macro<br \/>\n\tEnregistrer la feuille macro<br \/>\n\tCr\u00e9ation d\u2019une macro d\u2019impression, de tableau, de graphique<br \/>\n\tLancer une macro du V.B.A<\/p>\n<h4>La programmation<\/h4>\n<p>D\u00e9finition des structures de programmation<br \/>\n\tLes variables<br \/>\n\tLes tests : Si et Car<br \/>\n\tLes boucles : Pour et Tant que<br \/>\n\tAjouts d\u2019options dans les menus<br \/>\n\tAcc\u00e9der aux donn\u00e9es<br \/>\n\tV\u00e9rifier le programme<\/p>\n<h4>Lancer une macro<\/h4>\n<p>Raccourcis clavier<br \/>\n\tBoutons, barres d\u2019outils<\/p>\n<h4>Acc\u00e9der aux donn\u00e9es<\/h4>\n<p>R\u00e9alisation de menus et de bo\u00eetes de dialogue personnalis\u00e9s et v\u00e9rification d\u2019un programme<\/p>\n<\/div>\n<\/div>\n<\/div>\n","protected":false},"excerpt":{"rendered":"<p>Telecharger le PDF Tarifs Intra \u00e0 partir de 1400 \u20ac Public cibl\u00e9 Utilisateur Excel souhaitant cr\u00e9er des Macro Niveau requis De bonnes connaissances Excel Objectifs formation \u00catre capable de cr\u00e9er une application simple avec macros commandes et VBA \u00e0 partir des fonctionnalit\u00e9s d&rsquo;Excel. Moyens p\u00e9dagogiques \u2022 Grilles d\u2018\u00e9valuation de niveau. \u2022 Formateurs avec une exp\u00e9riences<br \/><a class=\"moretag\" href=\"https:\/\/www.aptitude-informatique.fr\/index.php\/formations\/nos-formations\/excel-macros\/\">+ Read More<\/a><\/p>\n","protected":false},"author":2,"featured_media":0,"parent":508,"menu_order":0,"comment_status":"closed","ping_status":"closed","template":"","meta":{"jetpack_post_was_ever_published":false,"footnotes":""},"class_list":["post-649","page","type-page","status-publish","hentry"],"yoast_head":"<!-- This site is optimized with the Yoast SEO plugin v23.4 - https:\/\/yoast.com\/wordpress\/plugins\/seo\/ -->\n<title>EXCEL Macros - APTITUDE INFORMATIQUE<\/title>\n<meta name=\"robots\" content=\"noindex, nofollow\" \/>\n<meta property=\"og:locale\" content=\"fr_FR\" \/>\n<meta property=\"og:type\" content=\"article\" \/>\n<meta property=\"og:title\" content=\"EXCEL Macros - APTITUDE INFORMATIQUE\" \/>\n<meta property=\"og:description\" content=\"Telecharger le PDF Tarifs Intra \u00e0 partir de 1400 \u20ac Public cibl\u00e9 Utilisateur Excel souhaitant cr\u00e9er des Macro Niveau requis De bonnes connaissances Excel Objectifs formation \u00catre capable de cr\u00e9er une application simple avec macros commandes et VBA \u00e0 partir des fonctionnalit\u00e9s d&rsquo;Excel. Moyens p\u00e9dagogiques \u2022 Grilles d\u2018\u00e9valuation de niveau. \u2022 Formateurs avec une exp\u00e9riences+ Read More\" \/>\n<meta property=\"og:url\" content=\"https:\/\/www.aptitude-informatique.fr\/index.php\/formations\/nos-formations\/excel-macros\/\" \/>\n<meta property=\"og:site_name\" content=\"APTITUDE INFORMATIQUE\" \/>\n<meta property=\"article:modified_time\" content=\"2021-09-22T13:02:31+00:00\" \/>\n<meta name=\"twitter:card\" content=\"summary_large_image\" \/>\n<meta name=\"twitter:label1\" content=\"Dur\u00e9e de lecture estim\u00e9e\" \/>\n\t<meta name=\"twitter:data1\" content=\"2 minutes\" \/>\n<script type=\"application\/ld+json\" class=\"yoast-schema-graph\">{\"@context\":\"https:\/\/schema.org\",\"@graph\":[{\"@type\":\"WebPage\",\"@id\":\"https:\/\/www.aptitude-informatique.fr\/index.php\/formations\/nos-formations\/excel-macros\/\",\"url\":\"https:\/\/www.aptitude-informatique.fr\/index.php\/formations\/nos-formations\/excel-macros\/\",\"name\":\"EXCEL Macros - APTITUDE INFORMATIQUE\",\"isPartOf\":{\"@id\":\"https:\/\/www.aptitude-informatique.fr\/#website\"},\"datePublished\":\"2021-09-13T13:23:10+00:00\",\"dateModified\":\"2021-09-22T13:02:31+00:00\",\"breadcrumb\":{\"@id\":\"https:\/\/www.aptitude-informatique.fr\/index.php\/formations\/nos-formations\/excel-macros\/#breadcrumb\"},\"inLanguage\":\"fr-FR\",\"potentialAction\":[{\"@type\":\"ReadAction\",\"target\":[\"https:\/\/www.aptitude-informatique.fr\/index.php\/formations\/nos-formations\/excel-macros\/\"]}]},{\"@type\":\"BreadcrumbList\",\"@id\":\"https:\/\/www.aptitude-informatique.fr\/index.php\/formations\/nos-formations\/excel-macros\/#breadcrumb\",\"itemListElement\":[{\"@type\":\"ListItem\",\"position\":1,\"name\":\"Accueil\",\"item\":\"https:\/\/www.aptitude-informatique.fr\/\"},{\"@type\":\"ListItem\",\"position\":2,\"name\":\"Formations\",\"item\":\"https:\/\/www.aptitude-informatique.fr\/index.php\/formations\/\"},{\"@type\":\"ListItem\",\"position\":3,\"name\":\"Nos formations\",\"item\":\"https:\/\/www.aptitude-informatique.fr\/index.php\/formations\/nos-formations\/\"},{\"@type\":\"ListItem\",\"position\":4,\"name\":\"EXCEL Macros\"}]},{\"@type\":\"WebSite\",\"@id\":\"https:\/\/www.aptitude-informatique.fr\/#website\",\"url\":\"https:\/\/www.aptitude-informatique.fr\/\",\"name\":\"APTITUDE INFORMATIQUE\",\"description\":\"Conseil - Formation - Cr\u00e9ation\",\"potentialAction\":[{\"@type\":\"SearchAction\",\"target\":{\"@type\":\"EntryPoint\",\"urlTemplate\":\"https:\/\/www.aptitude-informatique.fr\/?s={search_term_string}\"},\"query-input\":{\"@type\":\"PropertyValueSpecification\",\"valueRequired\":true,\"valueName\":\"search_term_string\"}}],\"inLanguage\":\"fr-FR\"}]}<\/script>\n<!-- \/ Yoast SEO plugin. -->","yoast_head_json":{"title":"EXCEL Macros - APTITUDE INFORMATIQUE","robots":{"index":"noindex","follow":"nofollow"},"og_locale":"fr_FR","og_type":"article","og_title":"EXCEL Macros - APTITUDE INFORMATIQUE","og_description":"Telecharger le PDF Tarifs Intra \u00e0 partir de 1400 \u20ac Public cibl\u00e9 Utilisateur Excel souhaitant cr\u00e9er des Macro Niveau requis De bonnes connaissances Excel Objectifs formation \u00catre capable de cr\u00e9er une application simple avec macros commandes et VBA \u00e0 partir des fonctionnalit\u00e9s d&rsquo;Excel. Moyens p\u00e9dagogiques \u2022 Grilles d\u2018\u00e9valuation de niveau. \u2022 Formateurs avec une exp\u00e9riences+ Read More","og_url":"https:\/\/www.aptitude-informatique.fr\/index.php\/formations\/nos-formations\/excel-macros\/","og_site_name":"APTITUDE INFORMATIQUE","article_modified_time":"2021-09-22T13:02:31+00:00","twitter_card":"summary_large_image","twitter_misc":{"Dur\u00e9e de lecture estim\u00e9e":"2 minutes"},"schema":{"@context":"https:\/\/schema.org","@graph":[{"@type":"WebPage","@id":"https:\/\/www.aptitude-informatique.fr\/index.php\/formations\/nos-formations\/excel-macros\/","url":"https:\/\/www.aptitude-informatique.fr\/index.php\/formations\/nos-formations\/excel-macros\/","name":"EXCEL Macros - APTITUDE INFORMATIQUE","isPartOf":{"@id":"https:\/\/www.aptitude-informatique.fr\/#website"},"datePublished":"2021-09-13T13:23:10+00:00","dateModified":"2021-09-22T13:02:31+00:00","breadcrumb":{"@id":"https:\/\/www.aptitude-informatique.fr\/index.php\/formations\/nos-formations\/excel-macros\/#breadcrumb"},"inLanguage":"fr-FR","potentialAction":[{"@type":"ReadAction","target":["https:\/\/www.aptitude-informatique.fr\/index.php\/formations\/nos-formations\/excel-macros\/"]}]},{"@type":"BreadcrumbList","@id":"https:\/\/www.aptitude-informatique.fr\/index.php\/formations\/nos-formations\/excel-macros\/#breadcrumb","itemListElement":[{"@type":"ListItem","position":1,"name":"Accueil","item":"https:\/\/www.aptitude-informatique.fr\/"},{"@type":"ListItem","position":2,"name":"Formations","item":"https:\/\/www.aptitude-informatique.fr\/index.php\/formations\/"},{"@type":"ListItem","position":3,"name":"Nos formations","item":"https:\/\/www.aptitude-informatique.fr\/index.php\/formations\/nos-formations\/"},{"@type":"ListItem","position":4,"name":"EXCEL Macros"}]},{"@type":"WebSite","@id":"https:\/\/www.aptitude-informatique.fr\/#website","url":"https:\/\/www.aptitude-informatique.fr\/","name":"APTITUDE INFORMATIQUE","description":"Conseil - Formation - Cr\u00e9ation","potentialAction":[{"@type":"SearchAction","target":{"@type":"EntryPoint","urlTemplate":"https:\/\/www.aptitude-informatique.fr\/?s={search_term_string}"},"query-input":{"@type":"PropertyValueSpecification","valueRequired":true,"valueName":"search_term_string"}}],"inLanguage":"fr-FR"}]}},"jetpack_sharing_enabled":true,"jetpack_shortlink":"https:\/\/wp.me\/P7ibsz-at","jetpack-related-posts":[],"_links":{"self":[{"href":"https:\/\/www.aptitude-informatique.fr\/index.php\/wp-json\/wp\/v2\/pages\/649"}],"collection":[{"href":"https:\/\/www.aptitude-informatique.fr\/index.php\/wp-json\/wp\/v2\/pages"}],"about":[{"href":"https:\/\/www.aptitude-informatique.fr\/index.php\/wp-json\/wp\/v2\/types\/page"}],"author":[{"embeddable":true,"href":"https:\/\/www.aptitude-informatique.fr\/index.php\/wp-json\/wp\/v2\/users\/2"}],"replies":[{"embeddable":true,"href":"https:\/\/www.aptitude-informatique.fr\/index.php\/wp-json\/wp\/v2\/comments?post=649"}],"version-history":[{"count":2,"href":"https:\/\/www.aptitude-informatique.fr\/index.php\/wp-json\/wp\/v2\/pages\/649\/revisions"}],"predecessor-version":[{"id":672,"href":"https:\/\/www.aptitude-informatique.fr\/index.php\/wp-json\/wp\/v2\/pages\/649\/revisions\/672"}],"up":[{"embeddable":true,"href":"https:\/\/www.aptitude-informatique.fr\/index.php\/wp-json\/wp\/v2\/pages\/508"}],"wp:attachment":[{"href":"https:\/\/www.aptitude-informatique.fr\/index.php\/wp-json\/wp\/v2\/media?parent=649"}],"curies":[{"name":"wp","href":"https:\/\/api.w.org\/{rel}","templated":true}]}}

<div class="colonnes">
<div class="clearfix">
<div class="colgauche">
<p class="boutons"><a href="https://www.aptitude-informatique.fr/wp-content/uploads/plansite/Macro-Excel.pdf" target="_blank" class="Team" rel="noopener noreferrer">Telecharger le PDF</a></p>
<p></p>
<div class="blg">
<h4>Tarifs</h4>
<p>Intra à partir de 1400 €</p>
</p></div>
<div class="blg">
<h4>Public ciblé</h4>
<p>Utilisateur Excel souhaitant créer des Macro</p>
</p></div>
<div class="blg">
<h4>Niveau requis</h4>
<p>De bonnes connaissances Excel</p>
</p></div>
<div class="blg">
<h4>Objectifs formation</h4>
<p>Être capable de créer une application simple avec macros commandes et VBA à partir des fonctionnalités d&rsquo;Excel.</p>
</p></div>
<div class="blg">
<h4>Moyens pédagogiques</h4>
<p>• Grilles d‘évaluation de niveau.<br />
		• Formateurs avec une expériences professionnelles et des compétences pédagogiques<br />
		• 6 personnes maximum / stage<br />
		• 1 ordinateur par personne<br />
		• Chaque notion est expliquée au tableau et suivie immédiatement d’un exercice pratique.<br />
		• Les exercices évoluent en difficulté au fur et à mesure du stage.<br />
		• Un support de cours sera remis à chaque participant en fin de formation.<br />
		• Assistance téléphonique gratuite.</p>
</p></div>
<div class="blg">
<h4>Durée de la formation</h4>
<p>De 21h à 35 heures</p>
</p></div>
<div class="blg">
<h4>Contact</h4>
<h3>APTITUDE INFORMATIQUE</h3>
<p>22 rue du Bignon &#8211; 35000 &#8211; RENNES</p>
<p>02 99 26 31 57</p>
<p>contact@aptitude-informatique.fr</p>
</p></div>
<div class="blg">
<h4>Délai d’acceptation</h4>
<p>Mise en place de vos cours dès acceptation du financement.</p>
</p></div>
<div class="blg">
<h4>Accessibilité Handicapé</h4>
<p>Conditions d’accueil et d’accès au public en situation d’ handicap en fonction du lieu d&rsquo;accueil du client.</p>
</p></div>
</p></div>
<div class="coldroite">
<h4>Les macros de fonctions</h4>
<p>Le concept<br />
	Ouvrir une feuille macro<br />
	Analyse de la fonction<br />
	Définition des variables et des constantes<br />
	Les paramètres<br />
	Le langage de base<br />
	Retourner une valeur au tableau<br />
	Nommer et utiliser la fonction</p>
<h4>Les macros enregistrées</h4>
<p>Le menu macro<br />
	Analyse de la macro à enregistrer<br />
	Enregistrement relatif ou absolu<br />
	Nommer la macro<br />
	Enregistrer la feuille macro<br />
	Création d’une macro d’impression, de tableau, de graphique<br />
	Lancer une macro du V.B.A</p>
<h4>La programmation</h4>
<p>Définition des structures de programmation<br />
	Les variables<br />
	Les tests : Si et Car<br />
	Les boucles : Pour et Tant que<br />
	Ajouts d’options dans les menus<br />
	Accéder aux données<br />
	Vérifier le programme</p>
<h4>Lancer une macro</h4>
<p>Raccourcis clavier<br />
	Boutons, barres d’outils</p>
<h4>Accéder aux données</h4>
<p>Réalisation de menus et de boîtes de dialogue personnalisés et vérification d’un programme</p>
</div>
</div>
</div>

<p>Telecharger le PDF Tarifs Intra à partir de 1400 € Public ciblé Utilisateur Excel souhaitant créer des Macro Niveau requis De bonnes connaissances Excel Objectifs formation Être capable de créer une application simple avec macros commandes et VBA à partir des fonctionnalités d&rsquo;Excel. Moyens pédagogiques • Grilles d‘évaluation de niveau. • Formateurs avec une expériences<br /><a class="moretag" href="https://www.aptitude-informatique.fr/index.php/formations/nos-formations/excel-macros/">+ Read More</a></p>

<!-- This site is optimized with the Yoast SEO plugin v23.4 - https://yoast.com/wordpress/plugins/seo/ -->
<title>EXCEL Macros - APTITUDE INFORMATIQUE</title>
<meta name="robots" content="noindex, nofollow" />
<meta property="og:locale" content="fr_FR" />
<meta property="og:type" content="article" />
<meta property="og:title" content="EXCEL Macros - APTITUDE INFORMATIQUE" />
<meta property="og:description" content="Telecharger le PDF Tarifs Intra à partir de 1400 € Public ciblé Utilisateur Excel souhaitant créer des Macro Niveau requis De bonnes connaissances Excel Objectifs formation Être capable de créer une application simple avec macros commandes et VBA à partir des fonctionnalités d&rsquo;Excel. Moyens pédagogiques • Grilles d‘évaluation de niveau. • Formateurs avec une expériences+ Read More" />
<meta property="og:url" content="https://www.aptitude-informatique.fr/index.php/formations/nos-formations/excel-macros/" />
<meta property="og:site_name" content="APTITUDE INFORMATIQUE" />
<meta property="article:modified_time" content="2021-09-22T13:02:31+00:00" />
<meta name="twitter:card" content="summary_large_image" />
<meta name="twitter:label1" content="Durée de lecture estimée" />
	<meta name="twitter:data1" content="2 minutes" />
<script type="application/ld+json" class="yoast-schema-graph">{"@context":"https://schema.org","@graph":[{"@type":"WebPage","@id":"https://www.aptitude-informatique.fr/index.php/formations/nos-formations/excel-macros/","url":"https://www.aptitude-informatique.fr/index.php/formations/nos-formations/excel-macros/","name":"EXCEL Macros - APTITUDE INFORMATIQUE","isPartOf":{"@id":"https://www.aptitude-informatique.fr/#website"},"datePublished":"2021-09-13T13:23:10+00:00","dateModified":"2021-09-22T13:02:31+00:00","breadcrumb":{"@id":"https://www.aptitude-informatique.fr/index.php/formations/nos-formations/excel-macros/#breadcrumb"},"inLanguage":"fr-FR","potentialAction":[{"@type":"ReadAction","target":["https://www.aptitude-informatique.fr/index.php/formations/nos-formations/excel-macros/"]}]},{"@type":"BreadcrumbList","@id":"https://www.aptitude-informatique.fr/index.php/formations/nos-formations/excel-macros/#breadcrumb","itemListElement":[{"@type":"ListItem","position":1,"name":"Accueil","item":"https://www.aptitude-informatique.fr/"},{"@type":"ListItem","position":2,"name":"Formations","item":"https://www.aptitude-informatique.fr/index.php/formations/"},{"@type":"ListItem","position":3,"name":"Nos formations","item":"https://www.aptitude-informatique.fr/index.php/formations/nos-formations/"},{"@type":"ListItem","position":4,"name":"EXCEL Macros"}]},{"@type":"WebSite","@id":"https://www.aptitude-informatique.fr/#website","url":"https://www.aptitude-informatique.fr/","name":"APTITUDE INFORMATIQUE","description":"Conseil - Formation - Création","potentialAction":[{"@type":"SearchAction","target":{"@type":"EntryPoint","urlTemplate":"https://www.aptitude-informatique.fr/?s={search_term_string}"},"query-input":{"@type":"PropertyValueSpecification","valueRequired":true,"valueName":"search_term_string"}}],"inLanguage":"fr-FR"}]}</script>
<!-- / Yoast SEO plugin. -->

Telecharger le PDF Tarifs Intra à partir de 1400 € Public ciblé Utilisateur Excel souhaitant créer des Macro Niveau requis De bonnes connaissances Excel Objectifs formation Être capable de créer une application simple avec macros commandes et VBA à partir des fonctionnalités d&rsquo;Excel. Moyens pédagogiques • Grilles d‘évaluation de niveau. • Formateurs avec une expériences+ Read More

Conseil - Formation - Création
