{"id":662,"date":"2021-09-13T14:56:47","date_gmt":"2021-09-13T13:56:47","guid":{"rendered":"https:\/\/www.aptitude-informatique.fr\/?page_id=662"},"modified":"2021-09-22T14:10:53","modified_gmt":"2021-09-22T13:10:53","slug":"microsoft-office-365","status":"publish","type":"page","link":"https:\/\/www.aptitude-informatique.fr\/index.php\/formations\/nos-formations\/microsoft-office-365\/","title":{"rendered":"Microsoft Office 365"},"content":{"rendered":"<div class=\"colonnes\">\n<div class=\"clearfix\">\n<div class=\"colgauche\">\n<p class=\"boutons\"><a href=\"https:\/\/www.aptitude-informatique.fr\/wp-content\/uploads\/plansite\/Office365.pdf\" target=\"_blank\" class=\"Team\" rel=\"noopener noreferrer\">Telecharger le PDF<\/a><\/p>\n<p><\/p>\n<div class=\"blg\">\n<h4>Tarifs<\/h4>\n<p>Intra \u00e0 partir de 1400 \u20ac<\/p>\n<\/p><\/div>\n<div class=\"blg\">\n<h4>Public cibl\u00e9<\/h4>\n<p>Tout public<\/p>\n<\/p><\/div>\n<div class=\"blg\">\n<h4>Niveau requis<\/h4>\n<p>Connaissances environnement Windows, et internet<\/p>\n<\/p><\/div>\n<div class=\"blg\">\n<h4>Objectifs formation<\/h4>\n<p>Conna\u00eetre les applications de Microsoft 365 &#8211; Savoir s&rsquo;organiser en \u00e9quipe avec Teams et OneDrive &#8211; Cr\u00e9er des formulaires avec Forms<\/p>\n<\/p><\/div>\n<div class=\"blg\">\n<h4>Moyens p\u00e9dagogiques<\/h4>\n<p>\u2022 Grilles d\u2018\u00e9valuation de niveau.<br \/>\n\t\t\u2022 Formateurs avec une exp\u00e9riences professionnelles et des comp\u00e9tences p\u00e9dagogiques<br \/>\n\t\t\u2022 6 personnes maximum \/ stage<br \/>\n\t\t\u2022 1 ordinateur par personne<br \/>\n\t\t\u2022 Chaque notion est expliqu\u00e9e au tableau et suivie imm\u00e9diatement d\u2019un exercice pratique.<br \/>\n\t\t\u2022 Les exercices \u00e9voluent en difficult\u00e9 au fur et \u00e0 mesure du stage.<br \/>\n\t\t\u2022 Un support de cours sera remis \u00e0 chaque participant en fin de formation.<br \/>\n\t\t\u2022 Assistance t\u00e9l\u00e9phonique gratuite.<\/p>\n<\/p><\/div>\n<div class=\"blg\">\n<h4>Dur\u00e9e de la formation<\/h4>\n<p>De 21h \u00e0 35 heures<\/p>\n<\/p><\/div>\n<div class=\"blg\">\n<h4>Contact<\/h4>\n<h3>APTITUDE INFORMATIQUE<\/h3>\n<p>22 rue du Bignon &#8211; 35000 &#8211; RENNES<\/p>\n<p>02 99 26 31 57<\/p>\n<p>contact@aptitude-informatique.fr<\/p>\n<\/p><\/div>\n<div class=\"blg\">\n<h4>D\u00e9lai d\u2019acceptation<\/h4>\n<p>Mise en place de vos cours d\u00e8s acceptation du financement.<\/p>\n<\/p><\/div>\n<div class=\"blg\">\n<h4>Accessibilit\u00e9 Handicap\u00e9<\/h4>\n<p>Conditions d\u2019accueil et d\u2019acc\u00e8s au public en situation d\u2019 handicap en fonction du lieu d&rsquo;accueil du client.<\/p>\n<\/p><\/div>\n<\/p><\/div>\n<div class=\"coldroite\">\n<h4>Comprendre le fonctionnement de Microsoft 365<\/h4>\n<p>Le grand principe de Microsoft 365 : le travail collaboratif<br \/>\n\tLes bonnes pratiques pour travailler \u00e0 plusieurs collaborateurs<br \/>\n\tUtiliser Microsoft 365 pour mettre en place un travail en \u00e9quipe<br \/>\n\tTour d\u2019horizon des principales applications Microsoft 365<\/p>\n<h4>Configurer son profil d\u2019entreprise \u2013 Delve<\/h4>\n<p>A quoi sert Delve ?<br \/>\n\tMettre \u00e0 jour son profil<br \/>\n\tEnregistrer des documents comme favoris<br \/>\n\tVoir le profil d\u2019un collaborateur<\/p>\n<h4>Mettre en place des outils de communication entre collaborateurs \u2013 Teams<\/h4>\n<p>Comment fonctionne Teams ?<br \/>\n\tBien s\u2019organiser avec Teams<br \/>\n\tParam\u00e9trer son profil Teams<br \/>\n\tEnregistrer ses contacts principaux<\/p>\n<h4>Cr\u00e9er ses \u00e9quipes de travail<\/h4>\n<p>Cr\u00e9er ou rejoindre une \u00e9quipe<br \/>\n\tD\u00e9finir un canal de discussion pour un projet<br \/>\n\tConfigurer les fonctionnalit\u00e9s d\u2019un canal : les onglets<br \/>\n\tConverser avec le collaborateur d\u2019un projet<\/p>\n<h4>Programmer et d\u00e9marrer des visioconf\u00e9rences<\/h4>\n<p>Planifier une r\u00e9union via le calendrier<br \/>\n\tInviter des participants<br \/>\n\tV\u00e9rifier les disponibilit\u00e9s de chaque collaborateur<br \/>\n\tD\u00e9marrer une r\u00e9union sans l\u2019avoir planifi\u00e9e<br \/>\n\tConna\u00eetre les outils \u00e0 utiliser pendant une r\u00e9union : partage d\u2019\u00e9cran, tableau blanc, etc.<\/p>\n<h4>Mettre en place un partage de documents entre collaborateurs \u2013 OneDrive<\/h4>\n<p>Comment fonctionne OneDrive ?<br \/>\n\tEspace personnel VS espace partag\u00e9<br \/>\n\tInstaller l\u2019application locale sur son poste<br \/>\n\tG\u00e9rer la synchronisation des documents<\/p>\n<h4>Partager des documents<\/h4>\n<p>Cr\u00e9er des dossiers de partage<br \/>\n\tMettre en partage un fichier sp\u00e9cifique<br \/>\n\tD\u00e9finir les droits de chaque collaborateur<br \/>\n\tCr\u00e9er un lien de partage<\/p>\n<h4>Travailler \u00e0 plusieurs sur un m\u00eame document<\/h4>\n<p>Ouvrir un fichier en lecture ou \u00e9criture<br \/>\n\tVoir les modifications effectu\u00e9es par les autres<br \/>\n\tConverser avec ses collaborateurs au sein du fichier<br \/>\n\tCommenter une modification effectu\u00e9e<br \/>\n\tTravailler en ligne ou dans l\u2019application de bureau<\/p>\n<h4>Mettre en place des sondages\/enqu\u00eates \u2013 Forms<\/h4>\n<p>Comment fonctionne Forms ?<br \/>\n\tDiff\u00e9rences entre formulaire et questionnaire<br \/>\n\tTravailler \u00e0 plusieurs sur un formulaire\/questionnaire<br \/>\n\tD\u00e9finir des mod\u00e8les de formulaire<br \/>\n\tCr\u00e9er et param\u00e9trer un formulaire<br \/>\n\tIns\u00e9rer des champs de formulaire (texte, nombre, date, etc.)<br \/>\n\tPartager le formulaire (via un lien, par email, etc.)<br \/>\n\tCr\u00e9er un formulaire d\u2019inscription \u00e0 un \u00e9v\u00e9nement et r\u00e9cup\u00e9rer les r\u00e9ponses<br \/>\n\tCr\u00e9er et param\u00e9trer un questionnaire<br \/>\n\tIns\u00e9rer les questions et d\u00e9finir les bonnes r\u00e9ponses<\/p>\n<h4>Afficher des questions suivant les r\u00e9ponses pr\u00e9c\u00e9dentes<\/h4>\n<p>Cr\u00e9er un QCM et traiter les r\u00e9ponses<\/p>\n<h4>S\u2019organiser dans sa prise de notes \u2013 OneNote<\/h4>\n<p>Cr\u00e9er des blocs-notes personnels et partag\u00e9s<br \/>\n\tD\u00e9finir les sections, pages et sous-pages<br \/>\n\tPrendre des notes (texte, indicateurs, lien, etc.)<br \/>\n\tIns\u00e9rer un fichier et prendre des notes par dessus<\/p>\n<\/div>\n<\/div>\n<\/div>\n","protected":false},"excerpt":{"rendered":"<p>Telecharger le PDF Tarifs Intra \u00e0 partir de 1400 \u20ac Public cibl\u00e9 Tout public Niveau requis Connaissances environnement Windows, et internet Objectifs formation Conna\u00eetre les applications de Microsoft 365 &#8211; Savoir s&rsquo;organiser en \u00e9quipe avec Teams et OneDrive &#8211; Cr\u00e9er des formulaires avec Forms Moyens p\u00e9dagogiques \u2022 Grilles d\u2018\u00e9valuation de niveau. \u2022 Formateurs avec une<br \/><a class=\"moretag\" href=\"https:\/\/www.aptitude-informatique.fr\/index.php\/formations\/nos-formations\/microsoft-office-365\/\">+ Read More<\/a><\/p>\n","protected":false},"author":2,"featured_media":0,"parent":508,"menu_order":0,"comment_status":"closed","ping_status":"closed","template":"","meta":{"jetpack_post_was_ever_published":false,"footnotes":""},"class_list":["post-662","page","type-page","status-publish","hentry"],"yoast_head":"<!-- This site is optimized with the Yoast SEO plugin v23.4 - https:\/\/yoast.com\/wordpress\/plugins\/seo\/ -->\n<title>Microsoft Office 365 - APTITUDE INFORMATIQUE<\/title>\n<meta name=\"robots\" content=\"noindex, nofollow\" \/>\n<meta property=\"og:locale\" content=\"fr_FR\" \/>\n<meta property=\"og:type\" content=\"article\" \/>\n<meta property=\"og:title\" content=\"Microsoft Office 365 - APTITUDE INFORMATIQUE\" \/>\n<meta property=\"og:description\" content=\"Telecharger le PDF Tarifs Intra \u00e0 partir de 1400 \u20ac Public cibl\u00e9 Tout public Niveau requis Connaissances environnement Windows, et internet Objectifs formation Conna\u00eetre les applications de Microsoft 365 &#8211; Savoir s&rsquo;organiser en \u00e9quipe avec Teams et OneDrive &#8211; Cr\u00e9er des formulaires avec Forms Moyens p\u00e9dagogiques \u2022 Grilles d\u2018\u00e9valuation de niveau. \u2022 Formateurs avec une+ Read More\" \/>\n<meta property=\"og:url\" content=\"https:\/\/www.aptitude-informatique.fr\/index.php\/formations\/nos-formations\/microsoft-office-365\/\" \/>\n<meta property=\"og:site_name\" content=\"APTITUDE INFORMATIQUE\" \/>\n<meta property=\"article:modified_time\" content=\"2021-09-22T13:10:53+00:00\" \/>\n<meta name=\"twitter:card\" content=\"summary_large_image\" \/>\n<meta name=\"twitter:label1\" content=\"Dur\u00e9e de lecture estim\u00e9e\" \/>\n\t<meta name=\"twitter:data1\" content=\"3 minutes\" \/>\n<script type=\"application\/ld+json\" class=\"yoast-schema-graph\">{\"@context\":\"https:\/\/schema.org\",\"@graph\":[{\"@type\":\"WebPage\",\"@id\":\"https:\/\/www.aptitude-informatique.fr\/index.php\/formations\/nos-formations\/microsoft-office-365\/\",\"url\":\"https:\/\/www.aptitude-informatique.fr\/index.php\/formations\/nos-formations\/microsoft-office-365\/\",\"name\":\"Microsoft Office 365 - APTITUDE INFORMATIQUE\",\"isPartOf\":{\"@id\":\"https:\/\/www.aptitude-informatique.fr\/#website\"},\"datePublished\":\"2021-09-13T13:56:47+00:00\",\"dateModified\":\"2021-09-22T13:10:53+00:00\",\"breadcrumb\":{\"@id\":\"https:\/\/www.aptitude-informatique.fr\/index.php\/formations\/nos-formations\/microsoft-office-365\/#breadcrumb\"},\"inLanguage\":\"fr-FR\",\"potentialAction\":[{\"@type\":\"ReadAction\",\"target\":[\"https:\/\/www.aptitude-informatique.fr\/index.php\/formations\/nos-formations\/microsoft-office-365\/\"]}]},{\"@type\":\"BreadcrumbList\",\"@id\":\"https:\/\/www.aptitude-informatique.fr\/index.php\/formations\/nos-formations\/microsoft-office-365\/#breadcrumb\",\"itemListElement\":[{\"@type\":\"ListItem\",\"position\":1,\"name\":\"Accueil\",\"item\":\"https:\/\/www.aptitude-informatique.fr\/\"},{\"@type\":\"ListItem\",\"position\":2,\"name\":\"Formations\",\"item\":\"https:\/\/www.aptitude-informatique.fr\/index.php\/formations\/\"},{\"@type\":\"ListItem\",\"position\":3,\"name\":\"Nos formations\",\"item\":\"https:\/\/www.aptitude-informatique.fr\/index.php\/formations\/nos-formations\/\"},{\"@type\":\"ListItem\",\"position\":4,\"name\":\"Microsoft Office 365\"}]},{\"@type\":\"WebSite\",\"@id\":\"https:\/\/www.aptitude-informatique.fr\/#website\",\"url\":\"https:\/\/www.aptitude-informatique.fr\/\",\"name\":\"APTITUDE INFORMATIQUE\",\"description\":\"Conseil - Formation - Cr\u00e9ation\",\"potentialAction\":[{\"@type\":\"SearchAction\",\"target\":{\"@type\":\"EntryPoint\",\"urlTemplate\":\"https:\/\/www.aptitude-informatique.fr\/?s={search_term_string}\"},\"query-input\":{\"@type\":\"PropertyValueSpecification\",\"valueRequired\":true,\"valueName\":\"search_term_string\"}}],\"inLanguage\":\"fr-FR\"}]}<\/script>\n<!-- \/ Yoast SEO plugin. -->","yoast_head_json":{"title":"Microsoft Office 365 - APTITUDE INFORMATIQUE","robots":{"index":"noindex","follow":"nofollow"},"og_locale":"fr_FR","og_type":"article","og_title":"Microsoft Office 365 - APTITUDE INFORMATIQUE","og_description":"Telecharger le PDF Tarifs Intra \u00e0 partir de 1400 \u20ac Public cibl\u00e9 Tout public Niveau requis Connaissances environnement Windows, et internet Objectifs formation Conna\u00eetre les applications de Microsoft 365 &#8211; Savoir s&rsquo;organiser en \u00e9quipe avec Teams et OneDrive &#8211; Cr\u00e9er des formulaires avec Forms Moyens p\u00e9dagogiques \u2022 Grilles d\u2018\u00e9valuation de niveau. \u2022 Formateurs avec une+ Read More","og_url":"https:\/\/www.aptitude-informatique.fr\/index.php\/formations\/nos-formations\/microsoft-office-365\/","og_site_name":"APTITUDE INFORMATIQUE","article_modified_time":"2021-09-22T13:10:53+00:00","twitter_card":"summary_large_image","twitter_misc":{"Dur\u00e9e de lecture estim\u00e9e":"3 minutes"},"schema":{"@context":"https:\/\/schema.org","@graph":[{"@type":"WebPage","@id":"https:\/\/www.aptitude-informatique.fr\/index.php\/formations\/nos-formations\/microsoft-office-365\/","url":"https:\/\/www.aptitude-informatique.fr\/index.php\/formations\/nos-formations\/microsoft-office-365\/","name":"Microsoft Office 365 - APTITUDE INFORMATIQUE","isPartOf":{"@id":"https:\/\/www.aptitude-informatique.fr\/#website"},"datePublished":"2021-09-13T13:56:47+00:00","dateModified":"2021-09-22T13:10:53+00:00","breadcrumb":{"@id":"https:\/\/www.aptitude-informatique.fr\/index.php\/formations\/nos-formations\/microsoft-office-365\/#breadcrumb"},"inLanguage":"fr-FR","potentialAction":[{"@type":"ReadAction","target":["https:\/\/www.aptitude-informatique.fr\/index.php\/formations\/nos-formations\/microsoft-office-365\/"]}]},{"@type":"BreadcrumbList","@id":"https:\/\/www.aptitude-informatique.fr\/index.php\/formations\/nos-formations\/microsoft-office-365\/#breadcrumb","itemListElement":[{"@type":"ListItem","position":1,"name":"Accueil","item":"https:\/\/www.aptitude-informatique.fr\/"},{"@type":"ListItem","position":2,"name":"Formations","item":"https:\/\/www.aptitude-informatique.fr\/index.php\/formations\/"},{"@type":"ListItem","position":3,"name":"Nos formations","item":"https:\/\/www.aptitude-informatique.fr\/index.php\/formations\/nos-formations\/"},{"@type":"ListItem","position":4,"name":"Microsoft Office 365"}]},{"@type":"WebSite","@id":"https:\/\/www.aptitude-informatique.fr\/#website","url":"https:\/\/www.aptitude-informatique.fr\/","name":"APTITUDE INFORMATIQUE","description":"Conseil - Formation - Cr\u00e9ation","potentialAction":[{"@type":"SearchAction","target":{"@type":"EntryPoint","urlTemplate":"https:\/\/www.aptitude-informatique.fr\/?s={search_term_string}"},"query-input":{"@type":"PropertyValueSpecification","valueRequired":true,"valueName":"search_term_string"}}],"inLanguage":"fr-FR"}]}},"jetpack_sharing_enabled":true,"jetpack_shortlink":"https:\/\/wp.me\/P7ibsz-aG","jetpack-related-posts":[],"_links":{"self":[{"href":"https:\/\/www.aptitude-informatique.fr\/index.php\/wp-json\/wp\/v2\/pages\/662"}],"collection":[{"href":"https:\/\/www.aptitude-informatique.fr\/index.php\/wp-json\/wp\/v2\/pages"}],"about":[{"href":"https:\/\/www.aptitude-informatique.fr\/index.php\/wp-json\/wp\/v2\/types\/page"}],"author":[{"embeddable":true,"href":"https:\/\/www.aptitude-informatique.fr\/index.php\/wp-json\/wp\/v2\/users\/2"}],"replies":[{"embeddable":true,"href":"https:\/\/www.aptitude-informatique.fr\/index.php\/wp-json\/wp\/v2\/comments?post=662"}],"version-history":[{"count":4,"href":"https:\/\/www.aptitude-informatique.fr\/index.php\/wp-json\/wp\/v2\/pages\/662\/revisions"}],"predecessor-version":[{"id":675,"href":"https:\/\/www.aptitude-informatique.fr\/index.php\/wp-json\/wp\/v2\/pages\/662\/revisions\/675"}],"up":[{"embeddable":true,"href":"https:\/\/www.aptitude-informatique.fr\/index.php\/wp-json\/wp\/v2\/pages\/508"}],"wp:attachment":[{"href":"https:\/\/www.aptitude-informatique.fr\/index.php\/wp-json\/wp\/v2\/media?parent=662"}],"curies":[{"name":"wp","href":"https:\/\/api.w.org\/{rel}","templated":true}]}}