{"id":695,"date":"2021-09-14T08:20:56","date_gmt":"2021-09-14T07:20:56","guid":{"rendered":"https:\/\/www.aptitude-informatique.fr\/?page_id=695"},"modified":"2021-09-14T08:24:49","modified_gmt":"2021-09-14T07:24:49","slug":"initiation-adobe-indesign","status":"publish","type":"page","link":"https:\/\/www.aptitude-informatique.fr\/index.php\/formations\/nos-formations\/initiation-adobe-indesign\/","title":{"rendered":"Initiation Adobe Indesign"},"content":{"rendered":"<div class=\"colonnes\">\n<div class=\"clearfix\">\n<div class=\"colgauche\">\n<p class=\"boutons\"><a href=\"https:\/\/www.aptitude-informatique.fr\/wp-content\/uploads\/plansite\/Initiation-Indesign.pdf\" target=\"_blank\" class=\"Team\" rel=\"noopener noreferrer\">Telecharger le PDF<\/a><\/p>\n<p><\/p>\n<div class=\"blg\">\n<h4>Tarifs<\/h4>\n<p>Intra \u00e0 partir de 1400 \u20ac<\/p>\n<\/p><\/div>\n<div class=\"blg\">\n<h4>Public cibl\u00e9<\/h4>\n<p>Tout public<\/p>\n<\/p><\/div>\n<div class=\"blg\">\n<h4>Niveau requis<\/h4>\n<p>Connaissances environnement Windows, et traitement de texte<\/p>\n<\/p><\/div>\n<div class=\"blg\">\n<h4>Objectifs formation<\/h4>\n<p>Apprendre \u00e0 cr\u00e9er un magazine de plusieurs pages<\/p>\n<\/p><\/div>\n<div class=\"blg\">\n<h4>Moyens p\u00e9dagogiques<\/h4>\n<p>\u2022 Grilles d\u2018\u00e9valuation de niveau.<br \/>\n\t\t\u2022 Formateurs avec une exp\u00e9riences professionnelles et des comp\u00e9tences p\u00e9dagogiques<br \/>\n\t\t\u2022 6 personnes maximum \/ stage<br \/>\n\t\t\u2022 1 ordinateur par personne<br \/>\n\t\t\u2022 Chaque notion est expliqu\u00e9e au tableau et suivie imm\u00e9diatement d\u2019un exercice pratique.<br \/>\n\t\t\u2022 Les exercices \u00e9voluent en difficult\u00e9 au fur et \u00e0 mesure du stage.<br \/>\n\t\t\u2022 Un support de cours sera remis \u00e0 chaque participant en fin de formation.<br \/>\n\t\t\u2022 Assistance t\u00e9l\u00e9phonique gratuite.<\/p>\n<\/p><\/div>\n<div class=\"blg\">\n<h4>Dur\u00e9e de la formation<\/h4>\n<p>De 21h \u00e0 35 heures<\/p>\n<\/p><\/div>\n<div class=\"blg\">\n<h4>Contact<\/h4>\n<h3>APTITUDE INFORMATIQUE<\/h3>\n<p>22 rue du Bignon &#8211; 35000 &#8211; RENNES<\/p>\n<p>02 99 26 31 57<\/p>\n<p>contact@aptitude-informatique.fr<\/p>\n<\/p><\/div>\n<div class=\"blg\">\n<h4>D\u00e9lai d\u2019acceptation<\/h4>\n<p>Mise en place de vos cours d\u00e8s acceptation du financement.<\/p>\n<\/p><\/div>\n<div class=\"blg\">\n<h4>Accessibilit\u00e9 Handicap\u00e9<\/h4>\n<p>Conditions d\u2019accueil et d\u2019acc\u00e8s au public en situation d\u2019 handicap en fonction du lieu d&rsquo;accueil du client.<\/p>\n<\/p><\/div>\n<\/p><\/div>\n<div class=\"coldroite\">\n<h4>Environnement de travail<\/h4>\n<p>D\u00e9couverte de l\u2019interface, d\u00e9placement et visualisation<br \/>\n\tLes aides visuelles (r\u00e8gles, grilles\u2026.)<\/p>\n<h4>Les outils de B\u00e9zier<\/h4>\n<p>L\u2019outil plume et les outils associ\u00e9s pour la cr\u00e9ation d\u2019objet<\/p>\n<h4>Les blocs ou objets<\/h4>\n<p>La notion de bloc \u2013 Cr\u00e9er et manipuler des blocs<br \/>\n\tModification d\u2019un bloc \u2013 Gestion des blocs et habillage<br \/>\n\tDupliquer, fusionner, d\u00e9placer, aligner et espacer les blocs<\/p>\n<h4>Les calques<\/h4>\n<p>Gestion des objets \u00e0 travers les calques<\/p>\n<h4>La Typographie<\/h4>\n<p>Saisie et modification du texte<br \/>\n\tPanneau contr\u00f4le, glyphes, tabulations<br \/>\n\tLiaison et habillage du texte<\/p>\n<h4>Les Couleurs<\/h4>\n<p>Cr\u00e9ation et sauvegarde des couleurs, les modes de couleurs<br \/>\n\tGestion des couleurs quadri et tons directs<\/p>\n<h4>Les images<\/h4>\n<p>Gestion des images<br \/>\n\tHabillage \/ Liens \/ Masque<\/p>\n<h4>Les tableaux<\/h4>\n<p>Cr\u00e9ation et gestion<br \/>\n\tTableaux en alternance<\/p>\n<h4>La Pagination<\/h4>\n<p>Cr\u00e9ation et gestion des pages du document<br \/>\n\tCr\u00e9ation et gestion de gabarits<br \/>\n\tNum\u00e9rotation, section<\/p>\n<h4>Impression et enregistrement<\/h4>\n<p>Contr\u00f4le en amont dynamique et profils, assemblage<br \/>\n\tEnregistrements et exportations<\/p>\n<\/div>\n<\/div>\n<\/div>\n","protected":false},"excerpt":{"rendered":"<p>Telecharger le PDF Tarifs Intra \u00e0 partir de 1400 \u20ac Public cibl\u00e9 Tout public Niveau requis Connaissances environnement Windows, et traitement de texte Objectifs formation Apprendre \u00e0 cr\u00e9er un magazine de plusieurs pages Moyens p\u00e9dagogiques \u2022 Grilles d\u2018\u00e9valuation de niveau. \u2022 Formateurs avec une exp\u00e9riences professionnelles et des comp\u00e9tences p\u00e9dagogiques \u2022 6 personnes maximum \/<br \/><a class=\"moretag\" href=\"https:\/\/www.aptitude-informatique.fr\/index.php\/formations\/nos-formations\/initiation-adobe-indesign\/\">+ Read More<\/a><\/p>\n","protected":false},"author":2,"featured_media":0,"parent":508,"menu_order":0,"comment_status":"closed","ping_status":"closed","template":"","meta":{"jetpack_post_was_ever_published":false,"footnotes":""},"class_list":["post-695","page","type-page","status-publish","hentry"],"yoast_head":"<!-- This site is optimized with the Yoast SEO plugin v23.4 - https:\/\/yoast.com\/wordpress\/plugins\/seo\/ -->\n<title>Initiation Adobe Indesign - APTITUDE INFORMATIQUE<\/title>\n<meta name=\"robots\" content=\"noindex, nofollow\" \/>\n<meta property=\"og:locale\" content=\"fr_FR\" \/>\n<meta property=\"og:type\" content=\"article\" \/>\n<meta property=\"og:title\" content=\"Initiation Adobe Indesign - APTITUDE INFORMATIQUE\" \/>\n<meta property=\"og:description\" content=\"Telecharger le PDF Tarifs Intra \u00e0 partir de 1400 \u20ac Public cibl\u00e9 Tout public Niveau requis Connaissances environnement Windows, et traitement de texte Objectifs formation Apprendre \u00e0 cr\u00e9er un magazine de plusieurs pages Moyens p\u00e9dagogiques \u2022 Grilles d\u2018\u00e9valuation de niveau. \u2022 Formateurs avec une exp\u00e9riences professionnelles et des comp\u00e9tences p\u00e9dagogiques \u2022 6 personnes maximum \/+ Read More\" \/>\n<meta property=\"og:url\" content=\"https:\/\/www.aptitude-informatique.fr\/index.php\/formations\/nos-formations\/initiation-adobe-indesign\/\" \/>\n<meta property=\"og:site_name\" content=\"APTITUDE INFORMATIQUE\" \/>\n<meta property=\"article:modified_time\" content=\"2021-09-14T07:24:49+00:00\" \/>\n<meta name=\"twitter:card\" content=\"summary_large_image\" \/>\n<meta name=\"twitter:label1\" content=\"Dur\u00e9e de lecture estim\u00e9e\" \/>\n\t<meta name=\"twitter:data1\" content=\"2 minutes\" \/>\n<script type=\"application\/ld+json\" class=\"yoast-schema-graph\">{\"@context\":\"https:\/\/schema.org\",\"@graph\":[{\"@type\":\"WebPage\",\"@id\":\"https:\/\/www.aptitude-informatique.fr\/index.php\/formations\/nos-formations\/initiation-adobe-indesign\/\",\"url\":\"https:\/\/www.aptitude-informatique.fr\/index.php\/formations\/nos-formations\/initiation-adobe-indesign\/\",\"name\":\"Initiation Adobe Indesign - APTITUDE INFORMATIQUE\",\"isPartOf\":{\"@id\":\"https:\/\/www.aptitude-informatique.fr\/#website\"},\"datePublished\":\"2021-09-14T07:20:56+00:00\",\"dateModified\":\"2021-09-14T07:24:49+00:00\",\"breadcrumb\":{\"@id\":\"https:\/\/www.aptitude-informatique.fr\/index.php\/formations\/nos-formations\/initiation-adobe-indesign\/#breadcrumb\"},\"inLanguage\":\"fr-FR\",\"potentialAction\":[{\"@type\":\"ReadAction\",\"target\":[\"https:\/\/www.aptitude-informatique.fr\/index.php\/formations\/nos-formations\/initiation-adobe-indesign\/\"]}]},{\"@type\":\"BreadcrumbList\",\"@id\":\"https:\/\/www.aptitude-informatique.fr\/index.php\/formations\/nos-formations\/initiation-adobe-indesign\/#breadcrumb\",\"itemListElement\":[{\"@type\":\"ListItem\",\"position\":1,\"name\":\"Accueil\",\"item\":\"https:\/\/www.aptitude-informatique.fr\/\"},{\"@type\":\"ListItem\",\"position\":2,\"name\":\"Formations\",\"item\":\"https:\/\/www.aptitude-informatique.fr\/index.php\/formations\/\"},{\"@type\":\"ListItem\",\"position\":3,\"name\":\"Nos formations\",\"item\":\"https:\/\/www.aptitude-informatique.fr\/index.php\/formations\/nos-formations\/\"},{\"@type\":\"ListItem\",\"position\":4,\"name\":\"Initiation Adobe Indesign\"}]},{\"@type\":\"WebSite\",\"@id\":\"https:\/\/www.aptitude-informatique.fr\/#website\",\"url\":\"https:\/\/www.aptitude-informatique.fr\/\",\"name\":\"APTITUDE INFORMATIQUE\",\"description\":\"Conseil - Formation - Cr\u00e9ation\",\"potentialAction\":[{\"@type\":\"SearchAction\",\"target\":{\"@type\":\"EntryPoint\",\"urlTemplate\":\"https:\/\/www.aptitude-informatique.fr\/?s={search_term_string}\"},\"query-input\":{\"@type\":\"PropertyValueSpecification\",\"valueRequired\":true,\"valueName\":\"search_term_string\"}}],\"inLanguage\":\"fr-FR\"}]}<\/script>\n<!-- \/ Yoast SEO plugin. -->","yoast_head_json":{"title":"Initiation Adobe Indesign - APTITUDE INFORMATIQUE","robots":{"index":"noindex","follow":"nofollow"},"og_locale":"fr_FR","og_type":"article","og_title":"Initiation Adobe Indesign - APTITUDE INFORMATIQUE","og_description":"Telecharger le PDF Tarifs Intra \u00e0 partir de 1400 \u20ac Public cibl\u00e9 Tout public Niveau requis Connaissances environnement Windows, et traitement de texte Objectifs formation Apprendre \u00e0 cr\u00e9er un magazine de plusieurs pages Moyens p\u00e9dagogiques \u2022 Grilles d\u2018\u00e9valuation de niveau. \u2022 Formateurs avec une exp\u00e9riences professionnelles et des comp\u00e9tences p\u00e9dagogiques \u2022 6 personnes maximum \/+ Read More","og_url":"https:\/\/www.aptitude-informatique.fr\/index.php\/formations\/nos-formations\/initiation-adobe-indesign\/","og_site_name":"APTITUDE INFORMATIQUE","article_modified_time":"2021-09-14T07:24:49+00:00","twitter_card":"summary_large_image","twitter_misc":{"Dur\u00e9e de lecture estim\u00e9e":"2 minutes"},"schema":{"@context":"https:\/\/schema.org","@graph":[{"@type":"WebPage","@id":"https:\/\/www.aptitude-informatique.fr\/index.php\/formations\/nos-formations\/initiation-adobe-indesign\/","url":"https:\/\/www.aptitude-informatique.fr\/index.php\/formations\/nos-formations\/initiation-adobe-indesign\/","name":"Initiation Adobe Indesign - APTITUDE INFORMATIQUE","isPartOf":{"@id":"https:\/\/www.aptitude-informatique.fr\/#website"},"datePublished":"2021-09-14T07:20:56+00:00","dateModified":"2021-09-14T07:24:49+00:00","breadcrumb":{"@id":"https:\/\/www.aptitude-informatique.fr\/index.php\/formations\/nos-formations\/initiation-adobe-indesign\/#breadcrumb"},"inLanguage":"fr-FR","potentialAction":[{"@type":"ReadAction","target":["https:\/\/www.aptitude-informatique.fr\/index.php\/formations\/nos-formations\/initiation-adobe-indesign\/"]}]},{"@type":"BreadcrumbList","@id":"https:\/\/www.aptitude-informatique.fr\/index.php\/formations\/nos-formations\/initiation-adobe-indesign\/#breadcrumb","itemListElement":[{"@type":"ListItem","position":1,"name":"Accueil","item":"https:\/\/www.aptitude-informatique.fr\/"},{"@type":"ListItem","position":2,"name":"Formations","item":"https:\/\/www.aptitude-informatique.fr\/index.php\/formations\/"},{"@type":"ListItem","position":3,"name":"Nos formations","item":"https:\/\/www.aptitude-informatique.fr\/index.php\/formations\/nos-formations\/"},{"@type":"ListItem","position":4,"name":"Initiation Adobe Indesign"}]},{"@type":"WebSite","@id":"https:\/\/www.aptitude-informatique.fr\/#website","url":"https:\/\/www.aptitude-informatique.fr\/","name":"APTITUDE INFORMATIQUE","description":"Conseil - Formation - Cr\u00e9ation","potentialAction":[{"@type":"SearchAction","target":{"@type":"EntryPoint","urlTemplate":"https:\/\/www.aptitude-informatique.fr\/?s={search_term_string}"},"query-input":{"@type":"PropertyValueSpecification","valueRequired":true,"valueName":"search_term_string"}}],"inLanguage":"fr-FR"}]}},"jetpack_sharing_enabled":true,"jetpack_shortlink":"https:\/\/wp.me\/P7ibsz-bd","jetpack-related-posts":[],"_links":{"self":[{"href":"https:\/\/www.aptitude-informatique.fr\/index.php\/wp-json\/wp\/v2\/pages\/695"}],"collection":[{"href":"https:\/\/www.aptitude-informatique.fr\/index.php\/wp-json\/wp\/v2\/pages"}],"about":[{"href":"https:\/\/www.aptitude-informatique.fr\/index.php\/wp-json\/wp\/v2\/types\/page"}],"author":[{"embeddable":true,"href":"https:\/\/www.aptitude-informatique.fr\/index.php\/wp-json\/wp\/v2\/users\/2"}],"replies":[{"embeddable":true,"href":"https:\/\/www.aptitude-informatique.fr\/index.php\/wp-json\/wp\/v2\/comments?post=695"}],"version-history":[{"count":3,"href":"https:\/\/www.aptitude-informatique.fr\/index.php\/wp-json\/wp\/v2\/pages\/695\/revisions"}],"predecessor-version":[{"id":698,"href":"https:\/\/www.aptitude-informatique.fr\/index.php\/wp-json\/wp\/v2\/pages\/695\/revisions\/698"}],"up":[{"embeddable":true,"href":"https:\/\/www.aptitude-informatique.fr\/index.php\/wp-json\/wp\/v2\/pages\/508"}],"wp:attachment":[{"href":"https:\/\/www.aptitude-informatique.fr\/index.php\/wp-json\/wp\/v2\/media?parent=695"}],"curies":[{"name":"wp","href":"https:\/\/api.w.org\/{rel}","templated":true}]}}

<div class="colonnes">
<div class="clearfix">
<div class="colgauche">
<p class="boutons"><a href="https://www.aptitude-informatique.fr/wp-content/uploads/plansite/Initiation-Indesign.pdf" target="_blank" class="Team" rel="noopener noreferrer">Telecharger le PDF</a></p>
<p></p>
<div class="blg">
<h4>Tarifs</h4>
<p>Intra à partir de 1400 €</p>
</p></div>
<div class="blg">
<h4>Public ciblé</h4>
<p>Tout public</p>
</p></div>
<div class="blg">
<h4>Niveau requis</h4>
<p>Connaissances environnement Windows, et traitement de texte</p>
</p></div>
<div class="blg">
<h4>Objectifs formation</h4>
<p>Apprendre à créer un magazine de plusieurs pages</p>
</p></div>
<div class="blg">
<h4>Moyens pédagogiques</h4>
<p>• Grilles d‘évaluation de niveau.<br />
		• Formateurs avec une expériences professionnelles et des compétences pédagogiques<br />
		• 6 personnes maximum / stage<br />
		• 1 ordinateur par personne<br />
		• Chaque notion est expliquée au tableau et suivie immédiatement d’un exercice pratique.<br />
		• Les exercices évoluent en difficulté au fur et à mesure du stage.<br />
		• Un support de cours sera remis à chaque participant en fin de formation.<br />
		• Assistance téléphonique gratuite.</p>
</p></div>
<div class="blg">
<h4>Durée de la formation</h4>
<p>De 21h à 35 heures</p>
</p></div>
<div class="blg">
<h4>Contact</h4>
<h3>APTITUDE INFORMATIQUE</h3>
<p>22 rue du Bignon &#8211; 35000 &#8211; RENNES</p>
<p>02 99 26 31 57</p>
<p>contact@aptitude-informatique.fr</p>
</p></div>
<div class="blg">
<h4>Délai d’acceptation</h4>
<p>Mise en place de vos cours dès acceptation du financement.</p>
</p></div>
<div class="blg">
<h4>Accessibilité Handicapé</h4>
<p>Conditions d’accueil et d’accès au public en situation d’ handicap en fonction du lieu d&rsquo;accueil du client.</p>
</p></div>
</p></div>
<div class="coldroite">
<h4>Environnement de travail</h4>
<p>Découverte de l’interface, déplacement et visualisation<br />
	Les aides visuelles (règles, grilles….)</p>
<h4>Les outils de Bézier</h4>
<p>L’outil plume et les outils associés pour la création d’objet</p>
<h4>Les blocs ou objets</h4>
<p>La notion de bloc – Créer et manipuler des blocs<br />
	Modification d’un bloc – Gestion des blocs et habillage<br />
	Dupliquer, fusionner, déplacer, aligner et espacer les blocs</p>
<h4>Les calques</h4>
<p>Gestion des objets à travers les calques</p>
<h4>La Typographie</h4>
<p>Saisie et modification du texte<br />
	Panneau contrôle, glyphes, tabulations<br />
	Liaison et habillage du texte</p>
<h4>Les Couleurs</h4>
<p>Création et sauvegarde des couleurs, les modes de couleurs<br />
	Gestion des couleurs quadri et tons directs</p>
<h4>Les images</h4>
<p>Gestion des images<br />
	Habillage / Liens / Masque</p>
<h4>Les tableaux</h4>
<p>Création et gestion<br />
	Tableaux en alternance</p>
<h4>La Pagination</h4>
<p>Création et gestion des pages du document<br />
	Création et gestion de gabarits<br />
	Numérotation, section</p>
<h4>Impression et enregistrement</h4>
<p>Contrôle en amont dynamique et profils, assemblage<br />
	Enregistrements et exportations</p>
</div>
</div>
</div>

<p>Telecharger le PDF Tarifs Intra à partir de 1400 € Public ciblé Tout public Niveau requis Connaissances environnement Windows, et traitement de texte Objectifs formation Apprendre à créer un magazine de plusieurs pages Moyens pédagogiques • Grilles d‘évaluation de niveau. • Formateurs avec une expériences professionnelles et des compétences pédagogiques • 6 personnes maximum /<br /><a class="moretag" href="https://www.aptitude-informatique.fr/index.php/formations/nos-formations/initiation-adobe-indesign/">+ Read More</a></p>

<!-- This site is optimized with the Yoast SEO plugin v23.4 - https://yoast.com/wordpress/plugins/seo/ -->
<title>Initiation Adobe Indesign - APTITUDE INFORMATIQUE</title>
<meta name="robots" content="noindex, nofollow" />
<meta property="og:locale" content="fr_FR" />
<meta property="og:type" content="article" />
<meta property="og:title" content="Initiation Adobe Indesign - APTITUDE INFORMATIQUE" />
<meta property="og:description" content="Telecharger le PDF Tarifs Intra à partir de 1400 € Public ciblé Tout public Niveau requis Connaissances environnement Windows, et traitement de texte Objectifs formation Apprendre à créer un magazine de plusieurs pages Moyens pédagogiques • Grilles d‘évaluation de niveau. • Formateurs avec une expériences professionnelles et des compétences pédagogiques • 6 personnes maximum /+ Read More" />
<meta property="og:url" content="https://www.aptitude-informatique.fr/index.php/formations/nos-formations/initiation-adobe-indesign/" />
<meta property="og:site_name" content="APTITUDE INFORMATIQUE" />
<meta property="article:modified_time" content="2021-09-14T07:24:49+00:00" />
<meta name="twitter:card" content="summary_large_image" />
<meta name="twitter:label1" content="Durée de lecture estimée" />
	<meta name="twitter:data1" content="2 minutes" />
<script type="application/ld+json" class="yoast-schema-graph">{"@context":"https://schema.org","@graph":[{"@type":"WebPage","@id":"https://www.aptitude-informatique.fr/index.php/formations/nos-formations/initiation-adobe-indesign/","url":"https://www.aptitude-informatique.fr/index.php/formations/nos-formations/initiation-adobe-indesign/","name":"Initiation Adobe Indesign - APTITUDE INFORMATIQUE","isPartOf":{"@id":"https://www.aptitude-informatique.fr/#website"},"datePublished":"2021-09-14T07:20:56+00:00","dateModified":"2021-09-14T07:24:49+00:00","breadcrumb":{"@id":"https://www.aptitude-informatique.fr/index.php/formations/nos-formations/initiation-adobe-indesign/#breadcrumb"},"inLanguage":"fr-FR","potentialAction":[{"@type":"ReadAction","target":["https://www.aptitude-informatique.fr/index.php/formations/nos-formations/initiation-adobe-indesign/"]}]},{"@type":"BreadcrumbList","@id":"https://www.aptitude-informatique.fr/index.php/formations/nos-formations/initiation-adobe-indesign/#breadcrumb","itemListElement":[{"@type":"ListItem","position":1,"name":"Accueil","item":"https://www.aptitude-informatique.fr/"},{"@type":"ListItem","position":2,"name":"Formations","item":"https://www.aptitude-informatique.fr/index.php/formations/"},{"@type":"ListItem","position":3,"name":"Nos formations","item":"https://www.aptitude-informatique.fr/index.php/formations/nos-formations/"},{"@type":"ListItem","position":4,"name":"Initiation Adobe Indesign"}]},{"@type":"WebSite","@id":"https://www.aptitude-informatique.fr/#website","url":"https://www.aptitude-informatique.fr/","name":"APTITUDE INFORMATIQUE","description":"Conseil - Formation - Création","potentialAction":[{"@type":"SearchAction","target":{"@type":"EntryPoint","urlTemplate":"https://www.aptitude-informatique.fr/?s={search_term_string}"},"query-input":{"@type":"PropertyValueSpecification","valueRequired":true,"valueName":"search_term_string"}}],"inLanguage":"fr-FR"}]}</script>
<!-- / Yoast SEO plugin. -->

Telecharger le PDF Tarifs Intra à partir de 1400 € Public ciblé Tout public Niveau requis Connaissances environnement Windows, et traitement de texte Objectifs formation Apprendre à créer un magazine de plusieurs pages Moyens pédagogiques • Grilles d‘évaluation de niveau. • Formateurs avec une expériences professionnelles et des compétences pédagogiques • 6 personnes maximum /+ Read More

Conseil - Formation - Création
