{"id":814,"date":"2023-06-30T13:22:13","date_gmt":"2023-06-30T12:22:13","guid":{"rendered":"https:\/\/www.aptitude-informatique.fr\/?page_id=814"},"modified":"2023-06-30T13:22:40","modified_gmt":"2023-06-30T12:22:40","slug":"microsoft-teams","status":"publish","type":"page","link":"https:\/\/www.aptitude-informatique.fr\/index.php\/formations\/nos-formations\/microsoft-teams\/","title":{"rendered":"Microsoft TEAMS"},"content":{"rendered":"<div class=\"colonnes\">\n<div class=\"clearfix\">\n<div class=\"colgauche\">\n<p class=\"boutons\"><a class=\"Team\" href=\"https:\/\/www.aptitude-informatique.fr\/wp-content\/uploads\/plansite\/Microsoft_Teams.pdf\" target=\"_blank\" rel=\"noopener noreferrer\">Telecharger le PDF<\/a><\/p>\n<p>&nbsp;<\/p>\n<div class=\"blg\">\n<h4>Tarifs<\/h4>\n<p>Intra \u00e0 partir de 700 \u20ac<\/p>\n<\/div>\n<div class=\"blg\">\n<h4>Public cibl\u00e9<\/h4>\n<p>Tout public<\/p>\n<\/div>\n<div class=\"blg\">\n<h4>Niveau requis<\/h4>\n<p>Connaissances environnement Windows, et internet<\/p>\n<\/div>\n<div class=\"blg\">\n<h4>Objectifs formation<\/h4>\n<p>Conna\u00eetre les meilleures pratiques afin de maximiser l\u2019utilisation de Microsoft Teams.<\/p>\n<\/div>\n<div class=\"blg\">\n<h4>Moyens p\u00e9dagogiques<\/h4>\n<p>\u2022 Grilles d\u2018\u00e9valuation de niveau.<br \/>\n\u2022 Formateurs avec une exp\u00e9riences professionnelles et des comp\u00e9tences p\u00e9dagogiques<br \/>\n\u2022 6 personnes maximum \/ stage<br \/>\n\u2022 1 ordinateur par personne<br \/>\n\u2022 Chaque notion est expliqu\u00e9e au tableau et suivie imm\u00e9diatement d\u2019un exercice pratique.<br \/>\n\u2022 Les exercices \u00e9voluent en difficult\u00e9 au fur et \u00e0 mesure du stage.<br \/>\n\u2022 Un support de cours sera remis \u00e0 chaque participant en fin de formation.<br \/>\n\u2022 Assistance t\u00e9l\u00e9phonique gratuite.<\/p>\n<\/div>\n<div class=\"blg\">\n<h4>Dur\u00e9e de la formation<\/h4>\n<p>De 14h \u00e0 28 heures<\/p>\n<\/div>\n<div class=\"blg\">\n<h4>Contact<\/h4>\n<h3>APTITUDE INFORMATIQUE<\/h3>\n<p>22 rue du Bignon &#8211; 35000 &#8211; RENNES<\/p>\n<p>02 99 26 31 57<\/p>\n<p>contact@aptitude-informatique.fr<\/p>\n<\/div>\n<div class=\"blg\">\n<h4>D\u00e9lai d\u2019acceptation<\/h4>\n<p>Mise en place de vos cours d\u00e8s acceptation du financement.<\/p>\n<\/div>\n<div class=\"blg\">\n<h4>Accessibilit\u00e9 Handicap\u00e9<\/h4>\n<p>Conditions d\u2019accueil et d\u2019acc\u00e8s au public en situation d\u2019handicap en fonction du lieu d&rsquo;accueil du client.<\/p>\n<\/div>\n<\/div>\n<div class=\"coldroite\">\n<h4>Introduction \u00e0 Microsoft Teams<\/h4>\n<p>Qu\u2019est-ce que Microsoft Teams dans l\u2019univers Microsoft 365<br \/>\nLe r\u00f4le de Microsoft Teams<br \/>\nPr\u00e9sentation de l\u2019interface de travail de l\u2019usager<br \/>\nLe r\u00f4le des statuts de pr\u00e9sence<br \/>\nG\u00e9rer votre compte<br \/>\nComprendre le syst\u00e8me de recherche<br \/>\nApprendre \u00e0 contr\u00f4ler le menu de gauche<\/p>\n<h4>Contr\u00f4le des espaces de conversation<\/h4>\n<p>Votre espace de conversation et ses multiples options<br \/>\nD\u00e9marrage d\u2019une conversation<br \/>\nPrincipe d\u2019externe et d\u2019invit\u00e9<br \/>\nConversation de groupe<br \/>\nOption de conversation<br \/>\nJoindre des fichiers<br \/>\nDemande d\u2019approbation<br \/>\nMessages enregistr\u00e9s<br \/>\nLes onglets de pr\u00e9sentation documentaire<br \/>\nLes limitations des conversations<\/p>\n<h4>Vid\u00e9oconf\u00e9rence et appels audios<\/h4>\n<p>Mieux planifier les vid\u00e9oconf\u00e9rences et appels audio<br \/>\nBien planifier \u00e0 l\u2019aide du calendrier Teams<br \/>\nLes options de r\u00e9union, avant la r\u00e9union<br \/>\nBien comprendre les options de pr\u00e9sentateur et de mod\u00e9rateur<br \/>\nAffichage des participants<br \/>\nWebinaire<br \/>\nPartage d\u2019\u00e9cran et de fen\u00eatre<\/p>\n<h4>Introduction aux principes d\u2019\u00e9quipe<\/h4>\n<p>Notions de groupe<br \/>\nPrincipes d\u2019\u00e9quipe<\/p>\n<h4>Consultation client en vue de la cr\u00e9ation d&rsquo;\u00e9quipe Teams<\/h4>\n<p>Pr\u00e9sentation de l\u2019entreprise<br \/>\nIdentification des besoins d\u2019\u00e9quipe<br \/>\nPr\u00e9sentation des \u00e9quipes potentiellement utile \u00e0 l\u2019entreprise<br \/>\nPreuve de concept \u2013 Justification des \u00e9quipes<\/p>\n<h4>Cr\u00e9ation et gestion d&rsquo;\u00e9quipe dans Teams<\/h4>\n<p>Cr\u00e9ation d\u2019une \u00e9quipe<br \/>\nMenu statique \u00e9quipe<br \/>\nCanaux<br \/>\nCr\u00e9ation du canal<br \/>\nParam\u00e8tre du canal<br \/>\nModifier les param\u00e8tres d\u2019une \u00e9quipe<br \/>\nBalises<br \/>\nG\u00e9rer et ajouter des applications<br \/>\nDiff\u00e9rents r\u00f4les dans une \u00e9quipe (propri\u00e9taire\/membre\/invit\u00e9)<br \/>\nAjout de membre et suppression de membre<br \/>\nCr\u00e9ation de dossiers dans les canaux<br \/>\nComprendre les espaces documentaires<br \/>\nComprendre les espaces documentaires<br \/>\nPersonnalisation des espaces de travail (onglets)<\/p>\n<h4>Comprendre la collaboration en \u00e9quipe et en canaux<\/h4>\n<p>Planifier une r\u00e9union dans un canal<br \/>\nAdresse courriel d\u2019un canal<br \/>\nLes publications dans un canal et inter-canaux<br \/>\nRappel pour bien communiquer dans Teams<br \/>\nPublier une annonce<br \/>\nConnecter un document \u00e0 un onglet<br \/>\nConnecter le calendrier d\u2019\u00e9quipe \u00e0 un onglet<\/p>\n<h4>L&rsquo;espace documentaire d&rsquo;\u00e9quipe<\/h4>\n<p>Accueil<br \/>\nConversation<br \/>\nBloc-Notes<br \/>\nPage et contenu du site, corbeille<br \/>\nConclusion<\/p>\n<\/div>\n<\/div>\n<\/div>\n","protected":false},"excerpt":{"rendered":"<p>Telecharger le PDF &nbsp; Tarifs Intra \u00e0 partir de 700 \u20ac Public cibl\u00e9 Tout public Niveau requis Connaissances environnement Windows, et internet Objectifs formation Conna\u00eetre les meilleures pratiques afin de maximiser l\u2019utilisation de Microsoft Teams. Moyens p\u00e9dagogiques \u2022 Grilles d\u2018\u00e9valuation de niveau. \u2022 Formateurs avec une exp\u00e9riences professionnelles et des comp\u00e9tences p\u00e9dagogiques \u2022 6 personnes<br \/><a class=\"moretag\" href=\"https:\/\/www.aptitude-informatique.fr\/index.php\/formations\/nos-formations\/microsoft-teams\/\">+ Read More<\/a><\/p>\n","protected":false},"author":2,"featured_media":0,"parent":508,"menu_order":0,"comment_status":"closed","ping_status":"closed","template":"","meta":{"jetpack_post_was_ever_published":false,"footnotes":""},"class_list":["post-814","page","type-page","status-publish","hentry"],"yoast_head":"<!-- This site is optimized with the Yoast SEO plugin v23.4 - https:\/\/yoast.com\/wordpress\/plugins\/seo\/ -->\n<title>Microsoft TEAMS - APTITUDE INFORMATIQUE<\/title>\n<meta name=\"robots\" content=\"noindex, nofollow\" \/>\n<meta property=\"og:locale\" content=\"fr_FR\" \/>\n<meta property=\"og:type\" content=\"article\" \/>\n<meta property=\"og:title\" content=\"Microsoft TEAMS - APTITUDE INFORMATIQUE\" \/>\n<meta property=\"og:description\" content=\"Telecharger le PDF &nbsp; Tarifs Intra \u00e0 partir de 700 \u20ac Public cibl\u00e9 Tout public Niveau requis Connaissances environnement Windows, et internet Objectifs formation Conna\u00eetre les meilleures pratiques afin de maximiser l\u2019utilisation de Microsoft Teams. Moyens p\u00e9dagogiques \u2022 Grilles d\u2018\u00e9valuation de niveau. \u2022 Formateurs avec une exp\u00e9riences professionnelles et des comp\u00e9tences p\u00e9dagogiques \u2022 6 personnes+ Read More\" \/>\n<meta property=\"og:url\" content=\"https:\/\/www.aptitude-informatique.fr\/index.php\/formations\/nos-formations\/microsoft-teams\/\" \/>\n<meta property=\"og:site_name\" content=\"APTITUDE INFORMATIQUE\" \/>\n<meta property=\"article:modified_time\" content=\"2023-06-30T12:22:40+00:00\" \/>\n<meta name=\"twitter:card\" content=\"summary_large_image\" \/>\n<meta name=\"twitter:label1\" content=\"Dur\u00e9e de lecture estim\u00e9e\" \/>\n\t<meta name=\"twitter:data1\" content=\"3 minutes\" \/>\n<script type=\"application\/ld+json\" class=\"yoast-schema-graph\">{\"@context\":\"https:\/\/schema.org\",\"@graph\":[{\"@type\":\"WebPage\",\"@id\":\"https:\/\/www.aptitude-informatique.fr\/index.php\/formations\/nos-formations\/microsoft-teams\/\",\"url\":\"https:\/\/www.aptitude-informatique.fr\/index.php\/formations\/nos-formations\/microsoft-teams\/\",\"name\":\"Microsoft TEAMS - APTITUDE INFORMATIQUE\",\"isPartOf\":{\"@id\":\"https:\/\/www.aptitude-informatique.fr\/#website\"},\"datePublished\":\"2023-06-30T12:22:13+00:00\",\"dateModified\":\"2023-06-30T12:22:40+00:00\",\"breadcrumb\":{\"@id\":\"https:\/\/www.aptitude-informatique.fr\/index.php\/formations\/nos-formations\/microsoft-teams\/#breadcrumb\"},\"inLanguage\":\"fr-FR\",\"potentialAction\":[{\"@type\":\"ReadAction\",\"target\":[\"https:\/\/www.aptitude-informatique.fr\/index.php\/formations\/nos-formations\/microsoft-teams\/\"]}]},{\"@type\":\"BreadcrumbList\",\"@id\":\"https:\/\/www.aptitude-informatique.fr\/index.php\/formations\/nos-formations\/microsoft-teams\/#breadcrumb\",\"itemListElement\":[{\"@type\":\"ListItem\",\"position\":1,\"name\":\"Accueil\",\"item\":\"https:\/\/www.aptitude-informatique.fr\/\"},{\"@type\":\"ListItem\",\"position\":2,\"name\":\"Formations\",\"item\":\"https:\/\/www.aptitude-informatique.fr\/index.php\/formations\/\"},{\"@type\":\"ListItem\",\"position\":3,\"name\":\"Nos formations\",\"item\":\"https:\/\/www.aptitude-informatique.fr\/index.php\/formations\/nos-formations\/\"},{\"@type\":\"ListItem\",\"position\":4,\"name\":\"Microsoft TEAMS\"}]},{\"@type\":\"WebSite\",\"@id\":\"https:\/\/www.aptitude-informatique.fr\/#website\",\"url\":\"https:\/\/www.aptitude-informatique.fr\/\",\"name\":\"APTITUDE INFORMATIQUE\",\"description\":\"Conseil - Formation - Cr\u00e9ation\",\"potentialAction\":[{\"@type\":\"SearchAction\",\"target\":{\"@type\":\"EntryPoint\",\"urlTemplate\":\"https:\/\/www.aptitude-informatique.fr\/?s={search_term_string}\"},\"query-input\":{\"@type\":\"PropertyValueSpecification\",\"valueRequired\":true,\"valueName\":\"search_term_string\"}}],\"inLanguage\":\"fr-FR\"}]}<\/script>\n<!-- \/ Yoast SEO plugin. -->","yoast_head_json":{"title":"Microsoft TEAMS - APTITUDE INFORMATIQUE","robots":{"index":"noindex","follow":"nofollow"},"og_locale":"fr_FR","og_type":"article","og_title":"Microsoft TEAMS - APTITUDE INFORMATIQUE","og_description":"Telecharger le PDF &nbsp; Tarifs Intra \u00e0 partir de 700 \u20ac Public cibl\u00e9 Tout public Niveau requis Connaissances environnement Windows, et internet Objectifs formation Conna\u00eetre les meilleures pratiques afin de maximiser l\u2019utilisation de Microsoft Teams. Moyens p\u00e9dagogiques \u2022 Grilles d\u2018\u00e9valuation de niveau. \u2022 Formateurs avec une exp\u00e9riences professionnelles et des comp\u00e9tences p\u00e9dagogiques \u2022 6 personnes+ Read More","og_url":"https:\/\/www.aptitude-informatique.fr\/index.php\/formations\/nos-formations\/microsoft-teams\/","og_site_name":"APTITUDE INFORMATIQUE","article_modified_time":"2023-06-30T12:22:40+00:00","twitter_card":"summary_large_image","twitter_misc":{"Dur\u00e9e de lecture estim\u00e9e":"3 minutes"},"schema":{"@context":"https:\/\/schema.org","@graph":[{"@type":"WebPage","@id":"https:\/\/www.aptitude-informatique.fr\/index.php\/formations\/nos-formations\/microsoft-teams\/","url":"https:\/\/www.aptitude-informatique.fr\/index.php\/formations\/nos-formations\/microsoft-teams\/","name":"Microsoft TEAMS - APTITUDE INFORMATIQUE","isPartOf":{"@id":"https:\/\/www.aptitude-informatique.fr\/#website"},"datePublished":"2023-06-30T12:22:13+00:00","dateModified":"2023-06-30T12:22:40+00:00","breadcrumb":{"@id":"https:\/\/www.aptitude-informatique.fr\/index.php\/formations\/nos-formations\/microsoft-teams\/#breadcrumb"},"inLanguage":"fr-FR","potentialAction":[{"@type":"ReadAction","target":["https:\/\/www.aptitude-informatique.fr\/index.php\/formations\/nos-formations\/microsoft-teams\/"]}]},{"@type":"BreadcrumbList","@id":"https:\/\/www.aptitude-informatique.fr\/index.php\/formations\/nos-formations\/microsoft-teams\/#breadcrumb","itemListElement":[{"@type":"ListItem","position":1,"name":"Accueil","item":"https:\/\/www.aptitude-informatique.fr\/"},{"@type":"ListItem","position":2,"name":"Formations","item":"https:\/\/www.aptitude-informatique.fr\/index.php\/formations\/"},{"@type":"ListItem","position":3,"name":"Nos formations","item":"https:\/\/www.aptitude-informatique.fr\/index.php\/formations\/nos-formations\/"},{"@type":"ListItem","position":4,"name":"Microsoft TEAMS"}]},{"@type":"WebSite","@id":"https:\/\/www.aptitude-informatique.fr\/#website","url":"https:\/\/www.aptitude-informatique.fr\/","name":"APTITUDE INFORMATIQUE","description":"Conseil - Formation - Cr\u00e9ation","potentialAction":[{"@type":"SearchAction","target":{"@type":"EntryPoint","urlTemplate":"https:\/\/www.aptitude-informatique.fr\/?s={search_term_string}"},"query-input":{"@type":"PropertyValueSpecification","valueRequired":true,"valueName":"search_term_string"}}],"inLanguage":"fr-FR"}]}},"jetpack_sharing_enabled":true,"jetpack_shortlink":"https:\/\/wp.me\/P7ibsz-d8","jetpack-related-posts":[],"_links":{"self":[{"href":"https:\/\/www.aptitude-informatique.fr\/index.php\/wp-json\/wp\/v2\/pages\/814"}],"collection":[{"href":"https:\/\/www.aptitude-informatique.fr\/index.php\/wp-json\/wp\/v2\/pages"}],"about":[{"href":"https:\/\/www.aptitude-informatique.fr\/index.php\/wp-json\/wp\/v2\/types\/page"}],"author":[{"embeddable":true,"href":"https:\/\/www.aptitude-informatique.fr\/index.php\/wp-json\/wp\/v2\/users\/2"}],"replies":[{"embeddable":true,"href":"https:\/\/www.aptitude-informatique.fr\/index.php\/wp-json\/wp\/v2\/comments?post=814"}],"version-history":[{"count":1,"href":"https:\/\/www.aptitude-informatique.fr\/index.php\/wp-json\/wp\/v2\/pages\/814\/revisions"}],"predecessor-version":[{"id":815,"href":"https:\/\/www.aptitude-informatique.fr\/index.php\/wp-json\/wp\/v2\/pages\/814\/revisions\/815"}],"up":[{"embeddable":true,"href":"https:\/\/www.aptitude-informatique.fr\/index.php\/wp-json\/wp\/v2\/pages\/508"}],"wp:attachment":[{"href":"https:\/\/www.aptitude-informatique.fr\/index.php\/wp-json\/wp\/v2\/media?parent=814"}],"curies":[{"name":"wp","href":"https:\/\/api.w.org\/{rel}","templated":true}]}}